{"id":2912,"date":"2023-12-15T12:30:21","date_gmt":"2023-12-15T12:30:21","guid":{"rendered":"https:\/\/dreamcooking.pt\/?page_id=2912"},"modified":"2023-12-15T12:57:54","modified_gmt":"2023-12-15T12:57:54","slug":"tipos-de-cozinha-como-escolher-modelo-o-certo","status":"publish","type":"page","link":"https:\/\/dreamcooking.pt\/?page_id=2912","title":{"rendered":"Tipos de cozinha: Como escolher  modelo o certo"},"content":{"rendered":"\t\t<div data-elementor-type=\"wp-page\" data-elementor-id=\"2912\" class=\"elementor elementor-2912\">\n\t\t\t\t\t\t<section class=\"elementor-section elementor-top-section elementor-element elementor-element-a7d1b32 elementor-section-height-min-height elementor-section-boxed elementor-section-height-default elementor-section-items-middle wpr-particle-no wpr-jarallax-no wpr-parallax-no wpr-sticky-section-no wpr-equal-height-no\" data-id=\"a7d1b32\" data-element_type=\"section\" data-e-type=\"section\" data-settings=\"{&quot;background_background&quot;:&quot;classic&quot;,&quot;shape_divider_bottom&quot;:&quot;opacity-tilt&quot;}\">\n\t\t\t\t\t\t\t<div class=\"elementor-background-overlay\"><\/div>\n\t\t\t\t\t\t<div class=\"elementor-shape elementor-shape-bottom\" aria-hidden=\"true\" data-negative=\"false\">\n\t\t\t<svg xmlns=\"http:\/\/www.w3.org\/2000\/svg\" viewBox=\"0 0 2600 131.1\" preserveAspectRatio=\"none\">\n\t<path class=\"elementor-shape-fill\" d=\"M0 0L2600 0 2600 69.1 0 0z\"\/>\n\t<path class=\"elementor-shape-fill\" style=\"opacity:0.5\" d=\"M0 0L2600 0 2600 69.1 0 69.1z\"\/>\n\t<path class=\"elementor-shape-fill\" style=\"opacity:0.25\" d=\"M2600 0L0 0 0 130.1 2600 69.1z\"\/>\n<\/svg>\t\t<\/div>\n\t\t\t\t\t<div class=\"elementor-container elementor-column-gap-default\">\n\t\t\t\t\t<div class=\"elementor-column elementor-col-100 elementor-top-column elementor-element elementor-element-ddb79fa\" data-id=\"ddb79fa\" data-element_type=\"column\" data-e-type=\"column\">\n\t\t\t<div class=\"elementor-widget-wrap elementor-element-populated\">\n\t\t\t\t\t\t<div class=\"elementor-element elementor-element-72100313 elementor-widget elementor-widget-heading\" data-id=\"72100313\" data-element_type=\"widget\" data-e-type=\"widget\" data-widget_type=\"heading.default\">\n\t\t\t\t<div class=\"elementor-widget-container\">\n\t\t\t\t\t<h1 class=\"elementor-heading-title elementor-size-default\"><br>Not\u00edcias<\/h1>\t\t\t\t<\/div>\n\t\t\t\t<\/div>\n\t\t\t\t<div class=\"elementor-element elementor-element-291f06d2 elementor-widget-divider--view-line elementor-widget elementor-widget-divider\" data-id=\"291f06d2\" data-element_type=\"widget\" data-e-type=\"widget\" data-widget_type=\"divider.default\">\n\t\t\t\t<div class=\"elementor-widget-container\">\n\t\t\t\t\t\t\t<div class=\"elementor-divider\">\n\t\t\t<span class=\"elementor-divider-separator\">\n\t\t\t\t\t\t<\/span>\n\t\t<\/div>\n\t\t\t\t\t\t<\/div>\n\t\t\t\t<\/div>\n\t\t\t\t\t<\/div>\n\t\t<\/div>\n\t\t\t\t\t<\/div>\n\t\t<\/section>\n\t\t\t\t<section class=\"elementor-section elementor-top-section elementor-element elementor-element-54ba1d5b elementor-section-boxed elementor-section-height-default elementor-section-height-default wpr-particle-no wpr-jarallax-no wpr-parallax-no wpr-sticky-section-no wpr-equal-height-no\" data-id=\"54ba1d5b\" data-element_type=\"section\" data-e-type=\"section\">\n\t\t\t\t\t\t<div class=\"elementor-container elementor-column-gap-default\">\n\t\t\t\t\t<div class=\"elementor-column elementor-col-100 elementor-top-column elementor-element elementor-element-351b1961\" data-id=\"351b1961\" data-element_type=\"column\" data-e-type=\"column\">\n\t\t\t<div class=\"elementor-widget-wrap elementor-element-populated\">\n\t\t\t\t\t\t<div class=\"elementor-element elementor-element-56a6f493 elementor-widget elementor-widget-text-editor\" data-id=\"56a6f493\" data-element_type=\"widget\" data-e-type=\"widget\" data-widget_type=\"text-editor.default\">\n\t\t\t\t<div class=\"elementor-widget-container\">\n\t\t\t\t\t\t\t\t\t<p>Dicas de decora\u00e7\u00e3o<\/p>\t\t\t\t\t\t\t\t<\/div>\n\t\t\t\t<\/div>\n\t\t\t\t<div class=\"elementor-element elementor-element-6f18e66f elementor-widget elementor-widget-text-editor\" data-id=\"6f18e66f\" data-element_type=\"widget\" data-e-type=\"widget\" data-widget_type=\"text-editor.default\">\n\t\t\t\t<div class=\"elementor-widget-container\">\n\t\t\t\t\t\t\t\t\t<p>Tipos de cozinha: Como escolher o modelo certo<\/p>\t\t\t\t\t\t\t\t<\/div>\n\t\t\t\t<\/div>\n\t\t\t\t<div class=\"elementor-element elementor-element-6d13c69c elementor-widget elementor-widget-text-editor\" data-id=\"6d13c69c\" data-element_type=\"widget\" data-e-type=\"widget\" data-widget_type=\"text-editor.default\">\n\t\t\t\t<div class=\"elementor-widget-container\">\n\t\t\t\t\t\t\t\t\t<p>Escolher uma cozinha vai al\u00e9m da sele\u00e7\u00e3o de m\u00f3veis. Apresentamos-lhe alguns modelos dispon\u00edveis no mercado.<\/p>\t\t\t\t\t\t\t\t<\/div>\n\t\t\t\t<\/div>\n\t\t\t\t<div class=\"elementor-element elementor-element-58ae2f9e elementor-widget elementor-widget-image\" data-id=\"58ae2f9e\" data-element_type=\"widget\" data-e-type=\"widget\" data-widget_type=\"image.default\">\n\t\t\t\t<div class=\"elementor-widget-container\">\n\t\t\t\t\t\t\t\t\t\t\t\t\t\t\t<img fetchpriority=\"high\" decoding=\"async\" width=\"960\" height=\"640\" src=\"https:\/\/dreamcooking.pt\/wp-content\/uploads\/2023\/12\/r-architecture-TRCJ-87Yoh0-unsplash-2-1024x683.jpg\" class=\"attachment-large size-large wp-image-2911\" alt=\"\" srcset=\"https:\/\/dreamcooking.pt\/wp-content\/uploads\/2023\/12\/r-architecture-TRCJ-87Yoh0-unsplash-2-1024x683.jpg 1024w, https:\/\/dreamcooking.pt\/wp-content\/uploads\/2023\/12\/r-architecture-TRCJ-87Yoh0-unsplash-2-300x200.jpg 300w, https:\/\/dreamcooking.pt\/wp-content\/uploads\/2023\/12\/r-architecture-TRCJ-87Yoh0-unsplash-2-768x512.jpg 768w, https:\/\/dreamcooking.pt\/wp-content\/uploads\/2023\/12\/r-architecture-TRCJ-87Yoh0-unsplash-2-1536x1024.jpg 1536w, https:\/\/dreamcooking.pt\/wp-content\/uploads\/2023\/12\/r-architecture-TRCJ-87Yoh0-unsplash-2-2048x1365.jpg 2048w\" sizes=\"(max-width: 960px) 100vw, 960px\" \/>\t\t\t\t\t\t\t\t\t\t\t\t\t\t\t<\/div>\n\t\t\t\t<\/div>\n\t\t\t\t<div class=\"elementor-element elementor-element-696933c elementor-widget elementor-widget-text-editor\" data-id=\"696933c\" data-element_type=\"widget\" data-e-type=\"widget\" data-widget_type=\"text-editor.default\">\n\t\t\t\t<div class=\"elementor-widget-container\">\n\t\t\t\t\t\t\t\t\t<p>A cozinha \u00e9 mais do que um local para preparar as refei\u00e7\u00f5es\u00a0 e, cozinha arrumada \u00e9 vida dom\u00e9stica descansada. Sabemos tamb\u00e9m a dor de cabe\u00e7a que \u00e9 <strong>encontrar a cozinha certa<\/strong> para tudo correr bem, n\u00e3o \u00e9 verdade? Para ajudar apresentamos um <strong>guia de modelos de cozinha modernas e f\u00e1ceis de instalar numa casa<\/strong>. Al\u00e9m disso, conseguimos encontrar quais os melhores modelos para situa\u00e7\u00f5es espec\u00edficas.\u00a0<\/p><h3><strong>Tipos de Cozinha<\/strong><\/h3><p>Existem v\u00e1rios tipos de cozinha: podem ser maiores ou mais pequenas, com ou sem ilha, com formatos mais arredondados ou linhas mais direitas, tudo depende das necessidades e gostos de cada um. A seguir apresentamos-lhe 7 modelos que lhe podem fazer ponderar <strong>trocar a cozinha<\/strong>:<\/p><h4><strong>Cozinha Linear<\/strong><\/h4><p>\u00c9 a\u00a0<strong>mais tradicional<\/strong>\u00a0e imediata. A cozinha linear \u00e9 a escolha ideal para\u00a0<strong>cozinhas pequenas.\u00a0<\/strong>Estende-se ao longo de uma \u00fanica parede da divis\u00e3o da cozinha, com arm\u00e1rios em baixo e em cima, alternados com eletrodom\u00e9sticos.<\/p><h4><strong>Cozinha Paralela<\/strong><\/h4><p>\u00c9 muito semelhante \u00e0 cozinha linear com a diferen\u00e7a que \u00e9 um design que ocupa ambas as paredes da divis\u00e3o \u2013 ficando assim um corredor no meio. Permite<strong>\u00a0ter mais arruma\u00e7\u00e3o<\/strong> e criar espa\u00e7os mais distintos como zona de limpeza, confec\u00e7\u00e3o e prepara\u00e7\u00e3o de alimentos.<\/p><h4 id=\"Cozinha+com+Ilha\"><strong>Cozinha com ilha<\/strong><\/h4><p>\u00c9 o sonho de muitos, mas se gosta de a ver nos <strong>programas de renova\u00e7\u00e3o\u00a0<\/strong>por onde se inspira deixamos-lhe a nota: pode ser de sonho mas n\u00e3o ser a ideal para ti. A cozinha com ilha<strong>\u00a0<\/strong>deve ser para as casas que possuem \u00e1reas generosas, ou seja, com\u00a0<strong>c<\/strong><strong>ozinhas grandes\u00a0<\/strong>e que permitem a rentabiliza\u00e7\u00e3o ao m\u00e1ximo de \u00e1reas de circula\u00e7\u00e3o na cozinha. De nada vale optar por este modelo se depois n\u00e3o conseguir passar com mais uma pessoa entre a ilha e o m\u00f3vel do outro.<\/p><h4 id=\"Cozinha+em+L\"><strong>Cozinha em L<\/strong><\/h4><div class=\"media-image\" data-align=\"center\"><div class=\"field field--name-field-media-image field--type-image field--label-hidden field__item\"><p>O nome vem do formato e este\u00a0<strong>tipo de cozinha\u00a0<\/strong>adv\u00e9m da necessidade de rentabiliza\u00e7\u00e3o do espa\u00e7o. \u00c9 o formato ideal para cozinha num apartamento com \u00e1reas boas mas que n\u00e3o permite ter uma\u00a0<strong>cozinha paralela<\/strong>.<\/p><h4 id=\"Cozinha+em+U\"><strong>Cozinha em U<\/strong><\/h4><p>Como o nome indica, o desenho deste tipo de cozinha cria um U na divis\u00e3o, ficando assim todas as paredes ocupadas menos uma. O truque neste\u00a0<strong>tipo de cozinha<\/strong>\u00a0\u00e9 rentabilizar ao m\u00e1ximo o espa\u00e7o, mesmo nos arm\u00e1rios de canto.<\/p><h4 id=\"Cozinha+em+G\"><strong>Cozinha em G<\/strong><\/h4><p>O design deste modelo de cozinha forma uma esp\u00e9cie de G e \u00e9 um misto de modelos falados anteriormente. Pode ter uma esp\u00e9cie de ilha, e m\u00f3veis que se ficam por estarem dentro do linear ou do formato \u201cL\u201d. A tend\u00eancia \u00e9 que estes\u00a0<strong>modelos de cozinha<\/strong>\u00a0sejam escolhidos para\u00a0cozinhas open space<strong>,<\/strong>\u00a0muitas vezes ligadas a salas de estar\/jantar.<\/p><h4 id=\"Cozinha+compacta\"><strong>Cozinha compacta<\/strong><\/h4><p>S\u00e3o cozinhas muito\u00a0<strong>minimalistas<\/strong>, onde apenas o b\u00e1sico \u00e9 inclu\u00eddo e que s\u00e3o os modelos necess\u00e1rios para casas de dimens\u00f5es muito menores. Aqui junta-se um design simples com a cria\u00e7\u00e3o de solu\u00e7\u00f5es inteligentes e de adapta\u00e7\u00e3o do espa\u00e7o. Nestes casos n\u00e3o existem ilhas por exemplo, mas h\u00e1 espa\u00e7o para\u00a0<strong>mesas embutidas<\/strong>\u00a0que podem servir de apoio no uso da cozinha, procurando minimizar a pouca \u00e1rea dispon\u00edvel quando n\u00e3o est\u00e3o em uso.<\/p><h3 id=\"Como+escolher+o+modelo+de+cozinha+certo+\"><strong>Como escolher o modelo de cozinha certo?<\/strong><\/h3><p>N\u00e3o h\u00e1 uma resposta certa porque, em \u00faltima inst\u00e2ncia, a decis\u00e3o est\u00e1 sempre dependente do teu gosto e, acima de tudo, do or\u00e7amento que tens dispon\u00edvel. No entanto, deixamos-te aqui algumas dicas de como saber qual o modelo mais indicado para a tua situa\u00e7\u00e3o:<\/p><ul><li>Tem uma divis\u00e3o para a cozinha com uma <strong>forma mais quadrada do que retangular<\/strong>? E n\u00e3o quer<strong>\u00a0partir paredes\u00a0<\/strong>para ligar a outras divis\u00f5es e fazer open space? Ent\u00e3o a\u00a0<strong>cozinha em U<\/strong> pode ser a ideal para si. Desde que tenha uma \u00e1rea que permita abrir arm\u00e1rios colocados em paredes opostas, esta \u00e9 uma op\u00e7\u00e3o para otimizares no design da nova cozinha.<\/li><\/ul><ul><li>Se a divis\u00e3o tiver um cozinha estreita e comprida, a op\u00e7\u00e3o mais certa para si \u00e9 a <strong>cozinha linear<\/strong>. \u00c9 a mais adotada nos\u00a0<strong>apartamentos modernos<\/strong> e permite assim ter um espa\u00e7o de circula\u00e7\u00e3o. Dica: pode otimizar a outra parede com algumas prateleiras.<\/li><li>Quer ter um espa\u00e7o de refei\u00e7\u00e3o dentro da pr\u00f3pria cozinha? Ent\u00e3o considere a <strong>cozinha em L.<\/strong> Al\u00e9m de fazer um design de raiz que otimiza o canto onde as duas bancadas se ir\u00e3o encontrar, ainda pode usar o restante espa\u00e7o da cozinha para colocar mesas e cadeiras.<\/li><\/ul><div class=\"media-image\" data-align=\"center\"><div class=\"field field--name-field-media-image field--type-image field--label-hidden field__item\"><ul><li>Para um projeto de cozinha open space ou com ilha \u00e9 uma das op\u00e7\u00f5es ideais. Uma ilha cuja bancada solta sirva para confeccionar os alimentos vai permitir-lhe ter abertura para a outra divis\u00e3o com que se partilha a cozinha e dar assim mais amplitude ao espa\u00e7o.<\/li><\/ul><\/div><\/div><\/div><\/div><div>\u00a0<\/div><div>\u00a0<\/div><p>Fonte: https:\/\/www.idealista.pt\/news<\/p>\t\t\t\t\t\t\t\t<\/div>\n\t\t\t\t<\/div>\n\t\t\t\t\t<\/div>\n\t\t<\/div>\n\t\t\t\t\t<\/div>\n\t\t<\/section>\n\t\t\t\t<section class=\"elementor-section elementor-top-section elementor-element elementor-element-31b7d200 elementor-section-boxed elementor-section-height-default elementor-section-height-default wpr-particle-no wpr-jarallax-no wpr-parallax-no wpr-sticky-section-no wpr-equal-height-no\" data-id=\"31b7d200\" data-element_type=\"section\" data-e-type=\"section\" data-settings=\"{&quot;background_background&quot;:&quot;classic&quot;}\">\n\t\t\t\t\t\t\t<div class=\"elementor-background-overlay\"><\/div>\n\t\t\t\t\t\t\t<div class=\"elementor-container elementor-column-gap-default\">\n\t\t\t\t\t<div class=\"elementor-column elementor-col-100 elementor-top-column elementor-element elementor-element-76e60bee\" data-id=\"76e60bee\" data-element_type=\"column\" data-e-type=\"column\">\n\t\t\t<div class=\"elementor-widget-wrap elementor-element-populated\">\n\t\t\t\t\t\t<div class=\"elementor-element elementor-element-ab13d40 elementor-widget elementor-widget-heading\" data-id=\"ab13d40\" data-element_type=\"widget\" data-e-type=\"widget\" data-widget_type=\"heading.default\">\n\t\t\t\t<div class=\"elementor-widget-container\">\n\t\t\t\t\t<h2 class=\"elementor-heading-title elementor-size-default\">Pe\u00e7a ajuda de um profissional, sem compromisso<\/h2>\t\t\t\t<\/div>\n\t\t\t\t<\/div>\n\t\t\t\t<div class=\"elementor-element elementor-element-3ca72825 wpr-button-icon-style-inline wpr-button-icon-position-right elementor-widget elementor-widget-wpr-button\" data-id=\"3ca72825\" data-element_type=\"widget\" data-e-type=\"widget\" data-widget_type=\"wpr-button.default\">\n\t\t\t\t<div class=\"elementor-widget-container\">\n\t\t\t\t\t\t\n\t\t\t\n\t\t\n\t\t<div class=\"wpr-button-wrap elementor-clearfix\">\n\t\t<a class=\"wpr-button wpr-button-effect wpr-button-none\" data-text=\"\" href=\"https:\/\/dreamcooking.pt\/?page_id=243\">\n\t\t\t\n\t\t\t<span class=\"wpr-button-content\">\n\t\t\t\t\t\t\t\t\t<span class=\"wpr-button-text\">Pe\u00e7a um or\u00e7amento<\/span>\n\t\t\t\t\t\t\t\t\n\t\t\t\t\t\t\t<\/span>\n\t\t<\/a>\n\n\t\t\t\t<\/div>\n\t\n\t\n\t\t\t\t\t<\/div>\n\t\t\t\t<\/div>\n\t\t\t\t\t<\/div>\n\t\t<\/div>\n\t\t\t\t\t<\/div>\n\t\t<\/section>\n\t\t\t\t<\/div>\n\t\t","protected":false},"excerpt":{"rendered":"<p>Not\u00edcias Dicas de decora\u00e7\u00e3o Tipos de cozinha: Como escolher o modelo certo Escolher uma cozinha vai al\u00e9m da sele\u00e7\u00e3o de m\u00f3veis. Apresentamos-lhe alguns modelos dispon\u00edveis no mercado. A cozinha \u00e9 mais do que um local para preparar as refei\u00e7\u00f5es\u00a0 e, cozinha arrumada \u00e9 vida dom\u00e9stica descansada. Sabemos tamb\u00e9m a dor de cabe\u00e7a que \u00e9 encontrar a cozinha certa para tudo correr bem, n\u00e3o \u00e9 verdade? Para ajudar apresentamos um guia de modelos de cozinha modernas e f\u00e1ceis de instalar numa casa. Al\u00e9m disso, conseguimos encontrar quais os melhores modelos para situa\u00e7\u00f5es espec\u00edficas.\u00a0 Tipos de Cozinha Existem v\u00e1rios tipos de cozinha: podem ser maiores ou mais pequenas, com ou sem ilha, com formatos mais arredondados ou linhas mais direitas, tudo depende das necessidades e gostos de cada um. A seguir apresentamos-lhe 7 modelos que lhe podem fazer ponderar trocar a cozinha: Cozinha Linear \u00c9 a\u00a0mais tradicional\u00a0e imediata. A cozinha linear \u00e9 a escolha ideal para\u00a0cozinhas pequenas.\u00a0Estende-se ao longo de uma \u00fanica parede da divis\u00e3o da cozinha, com arm\u00e1rios em baixo e em cima, alternados com eletrodom\u00e9sticos. Cozinha Paralela \u00c9 muito semelhante \u00e0 cozinha linear com a diferen\u00e7a que \u00e9 um design que ocupa ambas as paredes da divis\u00e3o \u2013 ficando assim um corredor no meio. Permite\u00a0ter mais arruma\u00e7\u00e3o e criar espa\u00e7os mais distintos como zona de limpeza, confec\u00e7\u00e3o e prepara\u00e7\u00e3o de alimentos. Cozinha com ilha \u00c9 o sonho de muitos, mas se gosta de a ver nos programas de renova\u00e7\u00e3o\u00a0por onde se inspira deixamos-lhe a nota: pode ser de sonho mas n\u00e3o ser a ideal para ti. A cozinha com ilha\u00a0deve ser para as casas que possuem \u00e1reas generosas, ou seja, com\u00a0cozinhas grandes\u00a0e que permitem a rentabiliza\u00e7\u00e3o ao m\u00e1ximo de \u00e1reas de circula\u00e7\u00e3o na cozinha. De nada vale optar por este modelo se depois n\u00e3o conseguir passar com mais uma pessoa entre a ilha e o m\u00f3vel do outro. Cozinha em L O nome vem do formato e este\u00a0tipo de cozinha\u00a0adv\u00e9m da necessidade de rentabiliza\u00e7\u00e3o do espa\u00e7o. \u00c9 o formato ideal para cozinha num apartamento com \u00e1reas boas mas que n\u00e3o permite ter uma\u00a0cozinha paralela. Cozinha em U Como o nome indica, o desenho deste tipo de cozinha cria um U na divis\u00e3o, ficando assim todas as paredes ocupadas menos uma. O truque neste\u00a0tipo de cozinha\u00a0\u00e9 rentabilizar ao m\u00e1ximo o espa\u00e7o, mesmo nos arm\u00e1rios de canto. Cozinha em G O design deste modelo de cozinha forma uma esp\u00e9cie de G e \u00e9 um misto de modelos falados anteriormente. Pode ter uma esp\u00e9cie de ilha, e m\u00f3veis que se ficam por estarem dentro do linear ou do formato \u201cL\u201d. A tend\u00eancia \u00e9 que estes\u00a0modelos de cozinha\u00a0sejam escolhidos para\u00a0cozinhas open space,\u00a0muitas vezes ligadas a salas de estar\/jantar. Cozinha compacta S\u00e3o cozinhas muito\u00a0minimalistas, onde apenas o b\u00e1sico \u00e9 inclu\u00eddo e que s\u00e3o os modelos necess\u00e1rios para casas de dimens\u00f5es muito menores. Aqui junta-se um design simples com a cria\u00e7\u00e3o de solu\u00e7\u00f5es inteligentes e de adapta\u00e7\u00e3o do espa\u00e7o. Nestes casos n\u00e3o existem ilhas por exemplo, mas h\u00e1 espa\u00e7o para\u00a0mesas embutidas\u00a0que podem servir de apoio no uso da cozinha, procurando minimizar a pouca \u00e1rea dispon\u00edvel quando n\u00e3o est\u00e3o em uso. Como escolher o modelo de cozinha certo? N\u00e3o h\u00e1 uma resposta certa porque, em \u00faltima inst\u00e2ncia, a decis\u00e3o est\u00e1 sempre dependente do teu gosto e, acima de tudo, do or\u00e7amento que tens dispon\u00edvel. No entanto, deixamos-te aqui algumas dicas de como saber qual o modelo mais indicado para a tua situa\u00e7\u00e3o: Tem uma divis\u00e3o para a cozinha com uma forma mais quadrada do que retangular? E n\u00e3o quer\u00a0partir paredes\u00a0para ligar a outras divis\u00f5es e fazer open space? Ent\u00e3o a\u00a0cozinha em U pode ser a ideal para si. Desde que tenha uma \u00e1rea que permita abrir arm\u00e1rios colocados em paredes opostas, esta \u00e9 uma op\u00e7\u00e3o para otimizares no design da nova cozinha. Se a divis\u00e3o tiver um cozinha estreita e comprida, a op\u00e7\u00e3o mais certa para si \u00e9 a cozinha linear. \u00c9 a mais adotada nos\u00a0apartamentos modernos e permite assim ter um espa\u00e7o de circula\u00e7\u00e3o. Dica: pode otimizar a outra parede com algumas prateleiras. Quer ter um espa\u00e7o de refei\u00e7\u00e3o dentro da pr\u00f3pria cozinha? Ent\u00e3o considere a cozinha em L. Al\u00e9m de fazer um design de raiz que otimiza o canto onde as duas bancadas se ir\u00e3o encontrar, ainda pode usar o restante espa\u00e7o da cozinha para colocar mesas e cadeiras. Para um projeto de cozinha open space ou com ilha \u00e9 uma das op\u00e7\u00f5es ideais. Uma ilha cuja bancada solta sirva para confeccionar os alimentos vai permitir-lhe ter abertura para a outra divis\u00e3o com que se partilha a cozinha e dar assim mais amplitude ao espa\u00e7o. \u00a0\u00a0 Fonte: https:\/\/www.idealista.pt\/news Pe\u00e7a ajuda de um profissional, sem compromisso Pe\u00e7a um or\u00e7amento<\/p>\n","protected":false},"author":1,"featured_media":0,"parent":0,"menu_order":0,"comment_status":"closed","ping_status":"closed","template":"elementor_canvas","meta":{"om_disable_all_campaigns":false,"_monsterinsights_skip_tracking":false,"_monsterinsights_sitenote_active":false,"_monsterinsights_sitenote_note":"","_monsterinsights_sitenote_category":0,"_uf_show_specific_survey":0,"_uf_disable_surveys":false,"footnotes":""},"class_list":["post-2912","page","type-page","status-publish","hentry"],"aioseo_notices":[],"_links":{"self":[{"href":"https:\/\/dreamcooking.pt\/index.php?rest_route=\/wp\/v2\/pages\/2912","targetHints":{"allow":["GET"]}}],"collection":[{"href":"https:\/\/dreamcooking.pt\/index.php?rest_route=\/wp\/v2\/pages"}],"about":[{"href":"https:\/\/dreamcooking.pt\/index.php?rest_route=\/wp\/v2\/types\/page"}],"author":[{"embeddable":true,"href":"https:\/\/dreamcooking.pt\/index.php?rest_route=\/wp\/v2\/users\/1"}],"replies":[{"embeddable":true,"href":"https:\/\/dreamcooking.pt\/index.php?rest_route=%2Fwp%2Fv2%2Fcomments&post=2912"}],"version-history":[{"count":5,"href":"https:\/\/dreamcooking.pt\/index.php?rest_route=\/wp\/v2\/pages\/2912\/revisions"}],"predecessor-version":[{"id":2920,"href":"https:\/\/dreamcooking.pt\/index.php?rest_route=\/wp\/v2\/pages\/2912\/revisions\/2920"}],"wp:attachment":[{"href":"https:\/\/dreamcooking.pt\/index.php?rest_route=%2Fwp%2Fv2%2Fmedia&parent=2912"}],"curies":[{"name":"wp","href":"https:\/\/api.w.org\/{rel}","templated":true}]}}