{"id":2768,"date":"2023-11-16T10:24:08","date_gmt":"2023-11-16T10:24:08","guid":{"rendered":"https:\/\/dreamcooking.pt\/?page_id=2768"},"modified":"2023-11-16T10:30:42","modified_gmt":"2023-11-16T10:30:42","slug":"sala-cozinha-as-vantagens-do-open-space-para-remodelar-a-casa","status":"publish","type":"page","link":"https:\/\/dreamcooking.pt\/?page_id=2768","title":{"rendered":"Sala-cozinha: As vantagens do open space para remodelar a casa"},"content":{"rendered":"\t\t<div data-elementor-type=\"wp-page\" data-elementor-id=\"2768\" class=\"elementor elementor-2768\">\n\t\t\t\t\t\t<section class=\"elementor-section elementor-top-section elementor-element elementor-element-5de683c9 elementor-section-height-min-height elementor-section-boxed elementor-section-height-default elementor-section-items-middle wpr-particle-no wpr-jarallax-no wpr-parallax-no wpr-sticky-section-no wpr-equal-height-no\" data-id=\"5de683c9\" data-element_type=\"section\" data-e-type=\"section\" data-settings=\"{&quot;background_background&quot;:&quot;classic&quot;,&quot;shape_divider_bottom&quot;:&quot;opacity-tilt&quot;}\">\n\t\t\t\t\t\t\t<div class=\"elementor-background-overlay\"><\/div>\n\t\t\t\t\t\t<div class=\"elementor-shape elementor-shape-bottom\" aria-hidden=\"true\" data-negative=\"false\">\n\t\t\t<svg xmlns=\"http:\/\/www.w3.org\/2000\/svg\" viewBox=\"0 0 2600 131.1\" preserveAspectRatio=\"none\">\n\t<path class=\"elementor-shape-fill\" d=\"M0 0L2600 0 2600 69.1 0 0z\"\/>\n\t<path class=\"elementor-shape-fill\" style=\"opacity:0.5\" d=\"M0 0L2600 0 2600 69.1 0 69.1z\"\/>\n\t<path class=\"elementor-shape-fill\" style=\"opacity:0.25\" d=\"M2600 0L0 0 0 130.1 2600 69.1z\"\/>\n<\/svg>\t\t<\/div>\n\t\t\t\t\t<div class=\"elementor-container elementor-column-gap-default\">\n\t\t\t\t\t<div class=\"elementor-column elementor-col-100 elementor-top-column elementor-element elementor-element-4c8b1a36\" data-id=\"4c8b1a36\" data-element_type=\"column\" data-e-type=\"column\">\n\t\t\t<div class=\"elementor-widget-wrap elementor-element-populated\">\n\t\t\t\t\t\t<div class=\"elementor-element elementor-element-510d9b9b elementor-widget elementor-widget-heading\" data-id=\"510d9b9b\" data-element_type=\"widget\" data-e-type=\"widget\" data-widget_type=\"heading.default\">\n\t\t\t\t<div class=\"elementor-widget-container\">\n\t\t\t\t\t<h1 class=\"elementor-heading-title elementor-size-default\"><br>Not\u00edcias<\/h1>\t\t\t\t<\/div>\n\t\t\t\t<\/div>\n\t\t\t\t<div class=\"elementor-element elementor-element-1099ca4a elementor-widget-divider--view-line elementor-widget elementor-widget-divider\" data-id=\"1099ca4a\" data-element_type=\"widget\" data-e-type=\"widget\" data-widget_type=\"divider.default\">\n\t\t\t\t<div class=\"elementor-widget-container\">\n\t\t\t\t\t\t\t<div class=\"elementor-divider\">\n\t\t\t<span class=\"elementor-divider-separator\">\n\t\t\t\t\t\t<\/span>\n\t\t<\/div>\n\t\t\t\t\t\t<\/div>\n\t\t\t\t<\/div>\n\t\t\t\t\t<\/div>\n\t\t<\/div>\n\t\t\t\t\t<\/div>\n\t\t<\/section>\n\t\t\t\t<section class=\"elementor-section elementor-top-section elementor-element elementor-element-4346297d elementor-section-boxed elementor-section-height-default elementor-section-height-default wpr-particle-no wpr-jarallax-no wpr-parallax-no wpr-sticky-section-no wpr-equal-height-no\" data-id=\"4346297d\" data-element_type=\"section\" data-e-type=\"section\">\n\t\t\t\t\t\t<div class=\"elementor-container elementor-column-gap-default\">\n\t\t\t\t\t<div class=\"elementor-column elementor-col-100 elementor-top-column elementor-element elementor-element-5cf71fd\" data-id=\"5cf71fd\" data-element_type=\"column\" data-e-type=\"column\">\n\t\t\t<div class=\"elementor-widget-wrap elementor-element-populated\">\n\t\t\t\t\t\t<div class=\"elementor-element elementor-element-635f44ef elementor-widget elementor-widget-text-editor\" data-id=\"635f44ef\" data-element_type=\"widget\" data-e-type=\"widget\" data-widget_type=\"text-editor.default\">\n\t\t\t\t<div class=\"elementor-widget-container\">\n\t\t\t\t\t\t\t\t\t<p>Dicas de decora\u00e7\u00e3o<\/p>\t\t\t\t\t\t\t\t<\/div>\n\t\t\t\t<\/div>\n\t\t\t\t<div class=\"elementor-element elementor-element-6c8ef193 elementor-widget elementor-widget-text-editor\" data-id=\"6c8ef193\" data-element_type=\"widget\" data-e-type=\"widget\" data-widget_type=\"text-editor.default\">\n\t\t\t\t<div class=\"elementor-widget-container\">\n\t\t\t\t\t\t\t\t\t<hr \/><p>Sala-cozinha: As vantagens do open space para remodelar a casa<\/p>\t\t\t\t\t\t\t\t<\/div>\n\t\t\t\t<\/div>\n\t\t\t\t<div class=\"elementor-element elementor-element-ab39479 elementor-widget elementor-widget-text-editor\" data-id=\"ab39479\" data-element_type=\"widget\" data-e-type=\"widget\" data-widget_type=\"text-editor.default\">\n\t\t\t\t<div class=\"elementor-widget-container\">\n\t\t\t\t\t\t\t\t\t<p>A premissa \u00e9 eliminar paredes de acordo com a necessidade de cada pessoa. E esta personaliza\u00e7\u00e3o faz toda a diferen\u00e7a.<\/p>\t\t\t\t\t\t\t\t<\/div>\n\t\t\t\t<\/div>\n\t\t\t\t<div class=\"elementor-element elementor-element-9a9fe89 elementor-widget elementor-widget-image\" data-id=\"9a9fe89\" data-element_type=\"widget\" data-e-type=\"widget\" data-widget_type=\"image.default\">\n\t\t\t\t<div class=\"elementor-widget-container\">\n\t\t\t\t\t\t\t\t\t\t\t\t\t\t\t<img fetchpriority=\"high\" decoding=\"async\" width=\"960\" height=\"512\" src=\"https:\/\/dreamcooking.pt\/wp-content\/uploads\/2023\/11\/3d-rendering-dining-room-kitchen-with-luxury-decor-1-1024x546.jpg\" class=\"attachment-large size-large wp-image-2767\" alt=\"\" srcset=\"https:\/\/dreamcooking.pt\/wp-content\/uploads\/2023\/11\/3d-rendering-dining-room-kitchen-with-luxury-decor-1-1024x546.jpg 1024w, https:\/\/dreamcooking.pt\/wp-content\/uploads\/2023\/11\/3d-rendering-dining-room-kitchen-with-luxury-decor-1-300x160.jpg 300w, https:\/\/dreamcooking.pt\/wp-content\/uploads\/2023\/11\/3d-rendering-dining-room-kitchen-with-luxury-decor-1-768x409.jpg 768w, https:\/\/dreamcooking.pt\/wp-content\/uploads\/2023\/11\/3d-rendering-dining-room-kitchen-with-luxury-decor-1-1536x819.jpg 1536w, https:\/\/dreamcooking.pt\/wp-content\/uploads\/2023\/11\/3d-rendering-dining-room-kitchen-with-luxury-decor-1.jpg 2000w\" sizes=\"(max-width: 960px) 100vw, 960px\" \/>\t\t\t\t\t\t\t\t\t\t\t\t\t\t\t<\/div>\n\t\t\t\t<\/div>\n\t\t\t\t<div class=\"elementor-element elementor-element-6515d851 elementor-widget elementor-widget-text-editor\" data-id=\"6515d851\" data-element_type=\"widget\" data-e-type=\"widget\" data-widget_type=\"text-editor.default\">\n\t\t\t\t<div class=\"elementor-widget-container\">\n\t\t\t\t\t\t\t\t\t<p>A caracter\u00edstica principal do conceito de\u00a0<strong>open space\u00a0<\/strong>\u00e9 n\u00e3o ter divis\u00f3rias entre os espa\u00e7os, conseguindo uma maior interliga\u00e7\u00e3o entre a cozinha e a sala, por exemplo.<strong>\u00a0<\/strong>A aposta num\u00a0<strong>open space<\/strong>\u00a0potencia a luminosidade e a circula\u00e7\u00e3o de ar, permitindo a partilha do mesmo espa\u00e7o e cria\u00e7\u00e3o de ambientes descontra\u00eddos. A premissa \u00e9 eliminar paredes de acordo com a necessidade de cada pessoa. E esta personaliza\u00e7\u00e3o faz toda a diferen\u00e7a.<\/p><div><p>Este conceito de<strong> open space<\/strong>\u00a0surgiu nos anos 50, num formato de ambiente de trabalho mais colaborativo e sem divis\u00e3o espacial. Mais tarde, em Nova Iorque surgiram as primeiras\u00a0<strong>plantas abertas<\/strong>\u00a0e, hoje em dia, este conceito que continua a ser popular nos EUA, tem vindo a ganhar cada vez mais adeptos em toda Europa.<\/p><\/div><h2><strong>Avalia\u00e7\u00e3o profissional<\/strong><\/h2><p>Em primeiro lugar, tratando-se de uma remodela\u00e7\u00e3o, recomendamos apoio profissional, para que tenhas a certeza de que o projeto ser\u00e1 bem executado e que n\u00e3o ter\u00e1s problemas futuros com a estrutura de moradia, al\u00e9m da recomenda\u00e7\u00e3o de melhor custo vs. benef\u00edcio, ajustado \u00e0s tuas necessidades.<\/p><p>A\u00a0<strong>avalia\u00e7\u00e3o estrutural\u00a0<\/strong>e das instala\u00e7\u00f5es \u00e9 fundamental para garantir a solu\u00e7\u00e3o\u00a0<strong>open space<em>\u00a0<\/em><\/strong>na tua remodela\u00e7\u00e3o. Isto significa que n\u00e3o \u00e9 qualquer parede que se pode remover e, uma vez detetado um elemento estrutural importante, o profissional conseguir\u00e1 avaliar a condi\u00e7\u00e3o de substitui\u00e7\u00e3o ou at\u00e9 mesmo a impossibilidade da sua remo\u00e7\u00e3o.<\/p><h2 id=\"Circula\u00e7\u00e3o+e+extra\u00e7\u00e3o+de+ar\"><strong>Circula\u00e7\u00e3o e extra\u00e7\u00e3o de ar<\/strong><\/h2><p>Muitas pessoas preocupam-se com os fumos e odores de alimentos que podem espalhar-se por toda a casa. \u00c9 importante destacar que a avalia\u00e7\u00e3o da circula\u00e7\u00e3o de ar e sistemas de exaust\u00e3o e a sele\u00e7\u00e3o de equipamentos \u00e9 importante nesta fase. A escolha do\u00a0<strong>sistema de exaust\u00e3o<\/strong>\u00a0efetiva deve ser adaptada ao estilo do cliente, assim como a mob\u00edlia e os eletrodom\u00e9sticos. Neste caso, o profissional especializado ter\u00e1 de ter em conta o projeto de arquitetura e avaliar a circula\u00e7\u00e3o de ar, entradas e sa\u00eddas, assim como a recomenda\u00e7\u00e3o de<strong>\u00a0sistemas de ventila\u00e7\u00e3o e exaust\u00e3o,<\/strong>\u00a0extremamente importantes para eliminar qualquer desconforto.<\/p><h2 id=\"Imobili\u00e1rio+e+equipamentos\"><strong>Imobili\u00e1rio e equipamentos<\/strong><\/h2><p>A escolha da posi\u00e7\u00e3o do lava-loi\u00e7a, fog\u00e3o e frigor\u00edficos deve ser estrat\u00e9gica e funcional. Al\u00e9m disso, \u00e9 preciso ter em considera\u00e7\u00e3o a escolha de exaustores de parede, ilha, bancada ou at\u00e9 mesmo integrando a placa. A utiliza\u00e7\u00e3o de materiais naturais e\u00a0<strong>equipamentos sustent\u00e1veis,\u00a0<\/strong>como madeira, pedra e a\u00e7o pode ser uma boa solu\u00e7\u00e3o devido \u00e0 sua durabilidade. A aposta na tecnologia, com a escolha de equipamentos inteligentes, com conectividade e capacidade de programa\u00e7\u00e3o autom\u00e1tica, podem ser tamb\u00e9m uma mais-valia.<\/p><p>\u00a0<\/p><p>Fonte: https:\/\/www.noticiasaominuto.com\/casa<\/p>\t\t\t\t\t\t\t\t<\/div>\n\t\t\t\t<\/div>\n\t\t\t\t\t<\/div>\n\t\t<\/div>\n\t\t\t\t\t<\/div>\n\t\t<\/section>\n\t\t\t\t<section class=\"elementor-section elementor-top-section elementor-element elementor-element-75dddfdd elementor-section-boxed elementor-section-height-default elementor-section-height-default wpr-particle-no wpr-jarallax-no wpr-parallax-no wpr-sticky-section-no wpr-equal-height-no\" data-id=\"75dddfdd\" data-element_type=\"section\" data-e-type=\"section\" data-settings=\"{&quot;background_background&quot;:&quot;classic&quot;}\">\n\t\t\t\t\t\t\t<div class=\"elementor-background-overlay\"><\/div>\n\t\t\t\t\t\t\t<div class=\"elementor-container elementor-column-gap-default\">\n\t\t\t\t\t<div class=\"elementor-column elementor-col-100 elementor-top-column elementor-element elementor-element-73522cdb\" data-id=\"73522cdb\" data-element_type=\"column\" data-e-type=\"column\">\n\t\t\t<div class=\"elementor-widget-wrap elementor-element-populated\">\n\t\t\t\t\t\t<div class=\"elementor-element elementor-element-444b9751 elementor-widget elementor-widget-heading\" data-id=\"444b9751\" data-element_type=\"widget\" data-e-type=\"widget\" data-widget_type=\"heading.default\">\n\t\t\t\t<div class=\"elementor-widget-container\">\n\t\t\t\t\t<h2 class=\"elementor-heading-title elementor-size-default\">Pe\u00e7a ajuda de um profissional, sem compromisso<\/h2>\t\t\t\t<\/div>\n\t\t\t\t<\/div>\n\t\t\t\t<div class=\"elementor-element elementor-element-57f9e779 wpr-button-icon-style-inline wpr-button-icon-position-right elementor-widget elementor-widget-wpr-button\" data-id=\"57f9e779\" data-element_type=\"widget\" data-e-type=\"widget\" data-widget_type=\"wpr-button.default\">\n\t\t\t\t<div class=\"elementor-widget-container\">\n\t\t\t\t\t\t\n\t\t\t\n\t\t\n\t\t<div class=\"wpr-button-wrap elementor-clearfix\">\n\t\t<a class=\"wpr-button wpr-button-effect wpr-button-none\" data-text=\"\" href=\"https:\/\/dreamcooking.pt\/?page_id=243\">\n\t\t\t\n\t\t\t<span class=\"wpr-button-content\">\n\t\t\t\t\t\t\t\t\t<span class=\"wpr-button-text\">Pe\u00e7a um or\u00e7amento<\/span>\n\t\t\t\t\t\t\t\t\n\t\t\t\t\t\t\t<\/span>\n\t\t<\/a>\n\n\t\t\t\t<\/div>\n\t\n\t\n\t\t\t\t\t<\/div>\n\t\t\t\t<\/div>\n\t\t\t\t\t<\/div>\n\t\t<\/div>\n\t\t\t\t\t<\/div>\n\t\t<\/section>\n\t\t\t\t<\/div>\n\t\t","protected":false},"excerpt":{"rendered":"<p>Not\u00edcias Dicas de decora\u00e7\u00e3o Sala-cozinha: As vantagens do open space para remodelar a casa A premissa \u00e9 eliminar paredes de acordo com a necessidade de cada pessoa. E esta personaliza\u00e7\u00e3o faz toda a diferen\u00e7a. A caracter\u00edstica principal do conceito de\u00a0open space\u00a0\u00e9 n\u00e3o ter divis\u00f3rias entre os espa\u00e7os, conseguindo uma maior interliga\u00e7\u00e3o entre a cozinha e a sala, por exemplo.\u00a0A aposta num\u00a0open space\u00a0potencia a luminosidade e a circula\u00e7\u00e3o de ar, permitindo a partilha do mesmo espa\u00e7o e cria\u00e7\u00e3o de ambientes descontra\u00eddos. A premissa \u00e9 eliminar paredes de acordo com a necessidade de cada pessoa. E esta personaliza\u00e7\u00e3o faz toda a diferen\u00e7a. Este conceito de open space\u00a0surgiu nos anos 50, num formato de ambiente de trabalho mais colaborativo e sem divis\u00e3o espacial. Mais tarde, em Nova Iorque surgiram as primeiras\u00a0plantas abertas\u00a0e, hoje em dia, este conceito que continua a ser popular nos EUA, tem vindo a ganhar cada vez mais adeptos em toda Europa. Avalia\u00e7\u00e3o profissional Em primeiro lugar, tratando-se de uma remodela\u00e7\u00e3o, recomendamos apoio profissional, para que tenhas a certeza de que o projeto ser\u00e1 bem executado e que n\u00e3o ter\u00e1s problemas futuros com a estrutura de moradia, al\u00e9m da recomenda\u00e7\u00e3o de melhor custo vs. benef\u00edcio, ajustado \u00e0s tuas necessidades. A\u00a0avalia\u00e7\u00e3o estrutural\u00a0e das instala\u00e7\u00f5es \u00e9 fundamental para garantir a solu\u00e7\u00e3o\u00a0open space\u00a0na tua remodela\u00e7\u00e3o. Isto significa que n\u00e3o \u00e9 qualquer parede que se pode remover e, uma vez detetado um elemento estrutural importante, o profissional conseguir\u00e1 avaliar a condi\u00e7\u00e3o de substitui\u00e7\u00e3o ou at\u00e9 mesmo a impossibilidade da sua remo\u00e7\u00e3o. Circula\u00e7\u00e3o e extra\u00e7\u00e3o de ar Muitas pessoas preocupam-se com os fumos e odores de alimentos que podem espalhar-se por toda a casa. \u00c9 importante destacar que a avalia\u00e7\u00e3o da circula\u00e7\u00e3o de ar e sistemas de exaust\u00e3o e a sele\u00e7\u00e3o de equipamentos \u00e9 importante nesta fase. A escolha do\u00a0sistema de exaust\u00e3o\u00a0efetiva deve ser adaptada ao estilo do cliente, assim como a mob\u00edlia e os eletrodom\u00e9sticos. Neste caso, o profissional especializado ter\u00e1 de ter em conta o projeto de arquitetura e avaliar a circula\u00e7\u00e3o de ar, entradas e sa\u00eddas, assim como a recomenda\u00e7\u00e3o de\u00a0sistemas de ventila\u00e7\u00e3o e exaust\u00e3o,\u00a0extremamente importantes para eliminar qualquer desconforto. Imobili\u00e1rio e equipamentos A escolha da posi\u00e7\u00e3o do lava-loi\u00e7a, fog\u00e3o e frigor\u00edficos deve ser estrat\u00e9gica e funcional. Al\u00e9m disso, \u00e9 preciso ter em considera\u00e7\u00e3o a escolha de exaustores de parede, ilha, bancada ou at\u00e9 mesmo integrando a placa. A utiliza\u00e7\u00e3o de materiais naturais e\u00a0equipamentos sustent\u00e1veis,\u00a0como madeira, pedra e a\u00e7o pode ser uma boa solu\u00e7\u00e3o devido \u00e0 sua durabilidade. A aposta na tecnologia, com a escolha de equipamentos inteligentes, com conectividade e capacidade de programa\u00e7\u00e3o autom\u00e1tica, podem ser tamb\u00e9m uma mais-valia. \u00a0 Fonte: https:\/\/www.noticiasaominuto.com\/casa Pe\u00e7a ajuda de um profissional, sem compromisso Pe\u00e7a um or\u00e7amento<\/p>\n","protected":false},"author":1,"featured_media":0,"parent":0,"menu_order":0,"comment_status":"closed","ping_status":"closed","template":"elementor_canvas","meta":{"om_disable_all_campaigns":false,"_monsterinsights_skip_tracking":false,"_monsterinsights_sitenote_active":false,"_monsterinsights_sitenote_note":"","_monsterinsights_sitenote_category":0,"_uf_show_specific_survey":0,"_uf_disable_surveys":false,"footnotes":""},"class_list":["post-2768","page","type-page","status-publish","hentry"],"aioseo_notices":[],"_links":{"self":[{"href":"https:\/\/dreamcooking.pt\/index.php?rest_route=\/wp\/v2\/pages\/2768","targetHints":{"allow":["GET"]}}],"collection":[{"href":"https:\/\/dreamcooking.pt\/index.php?rest_route=\/wp\/v2\/pages"}],"about":[{"href":"https:\/\/dreamcooking.pt\/index.php?rest_route=\/wp\/v2\/types\/page"}],"author":[{"embeddable":true,"href":"https:\/\/dreamcooking.pt\/index.php?rest_route=\/wp\/v2\/users\/1"}],"replies":[{"embeddable":true,"href":"https:\/\/dreamcooking.pt\/index.php?rest_route=%2Fwp%2Fv2%2Fcomments&post=2768"}],"version-history":[{"count":5,"href":"https:\/\/dreamcooking.pt\/index.php?rest_route=\/wp\/v2\/pages\/2768\/revisions"}],"predecessor-version":[{"id":2776,"href":"https:\/\/dreamcooking.pt\/index.php?rest_route=\/wp\/v2\/pages\/2768\/revisions\/2776"}],"wp:attachment":[{"href":"https:\/\/dreamcooking.pt\/index.php?rest_route=%2Fwp%2Fv2%2Fmedia&parent=2768"}],"curies":[{"name":"wp","href":"https:\/\/api.w.org\/{rel}","templated":true}]}}