{"id":2682,"date":"2023-09-15T09:19:07","date_gmt":"2023-09-15T09:19:07","guid":{"rendered":"https:\/\/dreamcooking.pt\/?page_id=2682"},"modified":"2023-09-15T09:32:12","modified_gmt":"2023-09-15T09:32:12","slug":"gostaria-de-poupar-mais-em-casa-apresentamos-dez-dicas-para-poupar-na-cozinha","status":"publish","type":"page","link":"https:\/\/dreamcooking.pt\/?page_id=2682","title":{"rendered":"Gostaria de poupar mais em casa? Apresentamos dez dicas para poupar na cozinha"},"content":{"rendered":"\t\t<div data-elementor-type=\"wp-page\" data-elementor-id=\"2682\" class=\"elementor elementor-2682\">\n\t\t\t\t\t\t<section class=\"elementor-section elementor-top-section elementor-element elementor-element-5a20f9b7 elementor-section-height-min-height elementor-section-boxed elementor-section-height-default elementor-section-items-middle wpr-particle-no wpr-jarallax-no wpr-parallax-no wpr-sticky-section-no wpr-equal-height-no\" data-id=\"5a20f9b7\" data-element_type=\"section\" data-e-type=\"section\" data-settings=\"{&quot;background_background&quot;:&quot;classic&quot;,&quot;shape_divider_bottom&quot;:&quot;opacity-tilt&quot;}\">\n\t\t\t\t\t\t\t<div class=\"elementor-background-overlay\"><\/div>\n\t\t\t\t\t\t<div class=\"elementor-shape elementor-shape-bottom\" aria-hidden=\"true\" data-negative=\"false\">\n\t\t\t<svg xmlns=\"http:\/\/www.w3.org\/2000\/svg\" viewBox=\"0 0 2600 131.1\" preserveAspectRatio=\"none\">\n\t<path class=\"elementor-shape-fill\" d=\"M0 0L2600 0 2600 69.1 0 0z\"\/>\n\t<path class=\"elementor-shape-fill\" style=\"opacity:0.5\" d=\"M0 0L2600 0 2600 69.1 0 69.1z\"\/>\n\t<path class=\"elementor-shape-fill\" style=\"opacity:0.25\" d=\"M2600 0L0 0 0 130.1 2600 69.1z\"\/>\n<\/svg>\t\t<\/div>\n\t\t\t\t\t<div class=\"elementor-container elementor-column-gap-default\">\n\t\t\t\t\t<div class=\"elementor-column elementor-col-100 elementor-top-column elementor-element elementor-element-1f28fd51\" data-id=\"1f28fd51\" data-element_type=\"column\" data-e-type=\"column\">\n\t\t\t<div class=\"elementor-widget-wrap elementor-element-populated\">\n\t\t\t\t\t\t<div class=\"elementor-element elementor-element-2e2b44b6 elementor-widget elementor-widget-heading\" data-id=\"2e2b44b6\" data-element_type=\"widget\" data-e-type=\"widget\" data-widget_type=\"heading.default\">\n\t\t\t\t<div class=\"elementor-widget-container\">\n\t\t\t\t\t<h1 class=\"elementor-heading-title elementor-size-default\"><br>Not\u00edcias<\/h1>\t\t\t\t<\/div>\n\t\t\t\t<\/div>\n\t\t\t\t<div class=\"elementor-element elementor-element-1f5ec427 elementor-widget-divider--view-line elementor-widget elementor-widget-divider\" data-id=\"1f5ec427\" data-element_type=\"widget\" data-e-type=\"widget\" data-widget_type=\"divider.default\">\n\t\t\t\t<div class=\"elementor-widget-container\">\n\t\t\t\t\t\t\t<div class=\"elementor-divider\">\n\t\t\t<span class=\"elementor-divider-separator\">\n\t\t\t\t\t\t<\/span>\n\t\t<\/div>\n\t\t\t\t\t\t<\/div>\n\t\t\t\t<\/div>\n\t\t\t\t\t<\/div>\n\t\t<\/div>\n\t\t\t\t\t<\/div>\n\t\t<\/section>\n\t\t\t\t<section class=\"elementor-section elementor-top-section elementor-element elementor-element-7c270b8a elementor-section-boxed elementor-section-height-default elementor-section-height-default wpr-particle-no wpr-jarallax-no wpr-parallax-no wpr-sticky-section-no wpr-equal-height-no\" data-id=\"7c270b8a\" data-element_type=\"section\" data-e-type=\"section\">\n\t\t\t\t\t\t<div class=\"elementor-container elementor-column-gap-default\">\n\t\t\t\t\t<div class=\"elementor-column elementor-col-100 elementor-top-column elementor-element elementor-element-235f70a7\" data-id=\"235f70a7\" data-element_type=\"column\" data-e-type=\"column\">\n\t\t\t<div class=\"elementor-widget-wrap elementor-element-populated\">\n\t\t\t\t\t\t<div class=\"elementor-element elementor-element-2085eb40 elementor-widget elementor-widget-text-editor\" data-id=\"2085eb40\" data-element_type=\"widget\" data-e-type=\"widget\" data-widget_type=\"text-editor.default\">\n\t\t\t\t<div class=\"elementor-widget-container\">\n\t\t\t\t\t\t\t\t\t<p>Dicas de poupan\u00e7a<\/p>\t\t\t\t\t\t\t\t<\/div>\n\t\t\t\t<\/div>\n\t\t\t\t<div class=\"elementor-element elementor-element-581b4b8f elementor-widget elementor-widget-text-editor\" data-id=\"581b4b8f\" data-element_type=\"widget\" data-e-type=\"widget\" data-widget_type=\"text-editor.default\">\n\t\t\t\t<div class=\"elementor-widget-container\">\n\t\t\t\t\t\t\t\t\t<p>Gostaria de poupar mais em casa? Apresentamos dez dicas para poupar na cozinha<\/p>\t\t\t\t\t\t\t\t<\/div>\n\t\t\t\t<\/div>\n\t\t\t\t<div class=\"elementor-element elementor-element-3bc7e9eb elementor-widget elementor-widget-text-editor\" data-id=\"3bc7e9eb\" data-element_type=\"widget\" data-e-type=\"widget\" data-widget_type=\"text-editor.default\">\n\t\t\t\t<div class=\"elementor-widget-container\">\n\t\t\t\t\t\t\t\t\t<p>Fique a par de algumas dicas que podem ajudar a reduzir o valor da sua fatura de energia.\u00a0<\/p>\t\t\t\t\t\t\t\t<\/div>\n\t\t\t\t<\/div>\n\t\t\t\t<div class=\"elementor-element elementor-element-41dd4b7 elementor-widget elementor-widget-image\" data-id=\"41dd4b7\" data-element_type=\"widget\" data-e-type=\"widget\" data-widget_type=\"image.default\">\n\t\t\t\t<div class=\"elementor-widget-container\">\n\t\t\t\t\t\t\t\t\t\t\t\t\t\t\t<img fetchpriority=\"high\" decoding=\"async\" width=\"960\" height=\"640\" src=\"https:\/\/dreamcooking.pt\/wp-content\/uploads\/2023\/09\/home-interior-design-assortment-1024x683.jpg\" class=\"attachment-large size-large wp-image-2684\" alt=\"\" srcset=\"https:\/\/dreamcooking.pt\/wp-content\/uploads\/2023\/09\/home-interior-design-assortment-1024x683.jpg 1024w, https:\/\/dreamcooking.pt\/wp-content\/uploads\/2023\/09\/home-interior-design-assortment-300x200.jpg 300w, https:\/\/dreamcooking.pt\/wp-content\/uploads\/2023\/09\/home-interior-design-assortment-768x513.jpg 768w, https:\/\/dreamcooking.pt\/wp-content\/uploads\/2023\/09\/home-interior-design-assortment.jpg 1500w\" sizes=\"(max-width: 960px) 100vw, 960px\" \/>\t\t\t\t\t\t\t\t\t\t\t\t\t\t\t<\/div>\n\t\t\t\t<\/div>\n\t\t\t\t<div class=\"elementor-element elementor-element-72fbd1e elementor-widget elementor-widget-text-editor\" data-id=\"72fbd1e\" data-element_type=\"widget\" data-e-type=\"widget\" data-widget_type=\"text-editor.default\">\n\t\t\t\t<div class=\"elementor-widget-container\">\n\t\t\t\t\t\t\t\t\t<p><span class=\"news_capital_letter\">P<\/span>recisa de reduzir as suas despesas em casa mas n\u00e3o sabe por onde come\u00e7ar? Apresentamos 10 dicas que podem ajudar a poupar na cozinha. Tome nota:\u00a0<\/p><ul><li><strong><span class=\"news_bold\">Afaste o frigor\u00edfico afastado de fontes de calor &#8211;<\/span><\/strong>\u00a0&#8220;A l\u00f3gica \u00e9 simples: quanto mais calor estiver, mais esfor\u00e7o ser\u00e1 necess\u00e1rio por parte do aparelho para manter os alimentos frescos. E por isso, para al\u00e9m de ser importante n\u00e3o posicionar o frigor\u00edfico junto de aparelhos que emitem muito calor, tamb\u00e9m \u00e9 essencial esperar que a comida fique \u00e0 temperatura ambiente antes de a colocar a refrigerar&#8221;;<\/li><li><span class=\"news_bold\"><strong>Um congelador cheio gasta menos que um vazio &#8211;<\/strong>\u00a0<\/span>&#8220;Pode parecer uma ideia contradit\u00f3ria, mas a verdade \u00e9 que \u00e9 necess\u00e1ria mais energia para manter \u00a0as temperaturas a n\u00edveis negativos num congelador que esteja vazio, do que noutro que tenha mais produtos. Por isso, se estiver preocupado com a quantidade de marmitas que tem congeladas, a verdade \u00e9 que isso pode jogar a seu favor&#8221;;<\/li><li><strong><span class=\"news_bold\">N\u00e3o desvalorize o potencial do microondas &#8211;<\/span>\u00a0<\/strong>&#8220;Sabia que ao utilizar o microondas inv\u00e9s do forno consegue poupar entre 60 a 70% de energia? Isso quer dizer que da pr\u00f3xima vez que precisar de aquecer alguma coisa, o melhor ser\u00e1 optar pelo microondas. E o mesmo serve se tiver de confeccionar pequenas refei\u00e7\u00f5es&#8221;;<\/li><li><strong><span class=\"news_bold\">Descongele os alimentos antecipadamente e no frigor\u00edfico &#8211;\u00a0<\/span><\/strong>&#8220;Descongelar alimentos \u00e0 \u00faltima da hora, s\u00f3 pode dar dois resultados: ou acaba por cozinhar com os ingredientes ainda meio congelados, ou vai gastar litros de \u00e1gua e energia a tentar descongel\u00e1-los \u00e0 pressa. Qualquer que seja a op\u00e7\u00e3o, n\u00e3o ser\u00e1 de todo a mais indicada nem a mais saborosa. Assim, o que deve fazer \u00e9 mesmo um planeamento semanal das refei\u00e7\u00f5es de modo a ter tempo de retirar os alimentos antecipadamente e deix\u00e1-los a descongelar \u00e0 temperatura ambiente&#8221;;<\/li><li><strong><span class=\"news_bold\">Cozinhe sempre com as panelas cobertas &#8211;\u00a0<\/span><\/strong>&#8220;Para al\u00e9m de demorar mais tempo, cozinhar com as panelas sem tampa \u00e9 um gasto desnecess\u00e1rio de energia. Al\u00e9m do mais, se utilizar a tampa pode ainda desligar o fog\u00e3o antes dos alimentos estarem completamente cozinhados, j\u00e1 que o calor residual tratar\u00e1 de cozinhar o resto&#8221;;<\/li><li><strong><span class=\"news_bold\">Utilize apenas a \u00e1gua necess\u00e1ria para tapar os ingredientes &#8211;<\/span>\u00a0<\/strong>&#8220;Costuma encher a panela at\u00e9 cima para cozer apenas meia d\u00fazia de vegetais? \u00c9 hora de largar esse h\u00e1bito! Para al\u00e9m dos alimentos demorarem bastante mais tempo a cozinhar, ser\u00e1 preciso tamb\u00e9m muito mais energia para aquecer essa quantidade de \u00e1gua&#8221;;<\/li><li><strong><span class=\"news_bold\">N\u00e3o tem uma panela de press\u00e3o? Est\u00e1 na hora de arranjar uma &#8211;\u00a0<\/span><\/strong>&#8220;Ao utilizar uma panela de press\u00e3o, consegue confeccionar as refei\u00e7\u00f5es em metade do tempo, o que significa que poupa n\u00e3o s\u00f3 tempo como tamb\u00e9m energia, j\u00e1 que aproveita ao m\u00e1ximo o calor do fog\u00e3o no menor tempo poss\u00edvel&#8221;;<\/li><li><strong><span class=\"news_bold\">Cada tacho tem o seu lugar no fog\u00e3o &#8211;<\/span><\/strong>\u00a0&#8220;Colocar um tacho pequeno num bico de fog\u00e3o grande, n\u00e3o ir\u00e1 fazer com que a comida fique pronta mais rapidamente. Ali\u00e1s, s\u00f3 ir\u00e1 desperdi\u00e7ar energia durante o processo. Por isso, se n\u00e3o tiver muito tempo para cozinhar, experimente cortar os ingredientes em peda\u00e7os mais pequenos, mas lembre-se de manter cada tacho no seu devido lugar&#8221;;<\/li><li><strong><span class=\"news_bold\">Aque\u00e7a a \u00e1gua na chaleira el\u00e9trica &#8211;<\/span><\/strong>\u00a0&#8220;Inventada para servir este prop\u00f3sito, a chaleira el\u00e9trica \u00e9 bastante mais econ\u00f3mica que os fog\u00f5es, por isso se tiver uma em casa, n\u00e3o hesite em utiliz\u00e1-la&#8221;;<\/li><li><strong><span class=\"news_bold\">Coloque a m\u00e1quina a lavar no modo eco e com a carga completa &#8211;<\/span><\/strong>\u00a0&#8220;Acumular lou\u00e7a \u00e9 sinal de desleixo? Pois bem, neste caso pode ser mesmo sinal de poupan\u00e7a. Isto \u00e9, para rentabilizar a energia utilizada pela m\u00e1quina, deve apenas lig\u00e1-la quando esta estiver completamente cheia e idealmente no modo \u201ceco\u201d que, dependendo do modelo, permite reduzir o seu consumo em at\u00e9 45%&#8221;.<\/li><\/ul><p>\u00a0<\/p><p>Fonte: https:\/\/www.noticiasaominuto.com\/casa<\/p>\t\t\t\t\t\t\t\t<\/div>\n\t\t\t\t<\/div>\n\t\t\t\t\t<\/div>\n\t\t<\/div>\n\t\t\t\t\t<\/div>\n\t\t<\/section>\n\t\t\t\t<section class=\"elementor-section elementor-top-section elementor-element elementor-element-1c663767 elementor-section-boxed elementor-section-height-default elementor-section-height-default wpr-particle-no wpr-jarallax-no wpr-parallax-no wpr-sticky-section-no wpr-equal-height-no\" data-id=\"1c663767\" data-element_type=\"section\" data-e-type=\"section\" data-settings=\"{&quot;background_background&quot;:&quot;classic&quot;}\">\n\t\t\t\t\t\t\t<div class=\"elementor-background-overlay\"><\/div>\n\t\t\t\t\t\t\t<div class=\"elementor-container elementor-column-gap-default\">\n\t\t\t\t\t<div class=\"elementor-column elementor-col-100 elementor-top-column elementor-element elementor-element-49383829\" data-id=\"49383829\" data-element_type=\"column\" data-e-type=\"column\">\n\t\t\t<div class=\"elementor-widget-wrap elementor-element-populated\">\n\t\t\t\t\t\t<div class=\"elementor-element elementor-element-3a935ffe elementor-widget elementor-widget-heading\" data-id=\"3a935ffe\" data-element_type=\"widget\" data-e-type=\"widget\" data-widget_type=\"heading.default\">\n\t\t\t\t<div class=\"elementor-widget-container\">\n\t\t\t\t\t<h2 class=\"elementor-heading-title elementor-size-default\">Pe\u00e7a ajuda de um profissional, sem compromisso<\/h2>\t\t\t\t<\/div>\n\t\t\t\t<\/div>\n\t\t\t\t<div class=\"elementor-element elementor-element-4651dbd3 wpr-button-icon-style-inline wpr-button-icon-position-right elementor-widget elementor-widget-wpr-button\" data-id=\"4651dbd3\" data-element_type=\"widget\" data-e-type=\"widget\" data-widget_type=\"wpr-button.default\">\n\t\t\t\t<div class=\"elementor-widget-container\">\n\t\t\t\t\t\t\n\t\t\t\n\t\t\n\t\t<div class=\"wpr-button-wrap elementor-clearfix\">\n\t\t<a class=\"wpr-button wpr-button-effect wpr-button-none\" data-text=\"\" href=\"https:\/\/dreamcooking.pt\/?page_id=243\">\n\t\t\t\n\t\t\t<span class=\"wpr-button-content\">\n\t\t\t\t\t\t\t\t\t<span class=\"wpr-button-text\">Pe\u00e7a um or\u00e7amento<\/span>\n\t\t\t\t\t\t\t\t\n\t\t\t\t\t\t\t<\/span>\n\t\t<\/a>\n\n\t\t\t\t<\/div>\n\t\n\t\n\t\t\t\t\t<\/div>\n\t\t\t\t<\/div>\n\t\t\t\t\t<\/div>\n\t\t<\/div>\n\t\t\t\t\t<\/div>\n\t\t<\/section>\n\t\t\t\t<\/div>\n\t\t","protected":false},"excerpt":{"rendered":"<p>Not\u00edcias Dicas de poupan\u00e7a Gostaria de poupar mais em casa? Apresentamos dez dicas para poupar na cozinha Fique a par de algumas dicas que podem ajudar a reduzir o valor da sua fatura de energia.\u00a0 Precisa de reduzir as suas despesas em casa mas n\u00e3o sabe por onde come\u00e7ar? Apresentamos 10 dicas que podem ajudar a poupar na cozinha. Tome nota:\u00a0 Afaste o frigor\u00edfico afastado de fontes de calor &#8211;\u00a0&#8220;A l\u00f3gica \u00e9 simples: quanto mais calor estiver, mais esfor\u00e7o ser\u00e1 necess\u00e1rio por parte do aparelho para manter os alimentos frescos. E por isso, para al\u00e9m de ser importante n\u00e3o posicionar o frigor\u00edfico junto de aparelhos que emitem muito calor, tamb\u00e9m \u00e9 essencial esperar que a comida fique \u00e0 temperatura ambiente antes de a colocar a refrigerar&#8221;; Um congelador cheio gasta menos que um vazio &#8211;\u00a0&#8220;Pode parecer uma ideia contradit\u00f3ria, mas a verdade \u00e9 que \u00e9 necess\u00e1ria mais energia para manter \u00a0as temperaturas a n\u00edveis negativos num congelador que esteja vazio, do que noutro que tenha mais produtos. Por isso, se estiver preocupado com a quantidade de marmitas que tem congeladas, a verdade \u00e9 que isso pode jogar a seu favor&#8221;; N\u00e3o desvalorize o potencial do microondas &#8211;\u00a0&#8220;Sabia que ao utilizar o microondas inv\u00e9s do forno consegue poupar entre 60 a 70% de energia? Isso quer dizer que da pr\u00f3xima vez que precisar de aquecer alguma coisa, o melhor ser\u00e1 optar pelo microondas. E o mesmo serve se tiver de confeccionar pequenas refei\u00e7\u00f5es&#8221;; Descongele os alimentos antecipadamente e no frigor\u00edfico &#8211;\u00a0&#8220;Descongelar alimentos \u00e0 \u00faltima da hora, s\u00f3 pode dar dois resultados: ou acaba por cozinhar com os ingredientes ainda meio congelados, ou vai gastar litros de \u00e1gua e energia a tentar descongel\u00e1-los \u00e0 pressa. Qualquer que seja a op\u00e7\u00e3o, n\u00e3o ser\u00e1 de todo a mais indicada nem a mais saborosa. Assim, o que deve fazer \u00e9 mesmo um planeamento semanal das refei\u00e7\u00f5es de modo a ter tempo de retirar os alimentos antecipadamente e deix\u00e1-los a descongelar \u00e0 temperatura ambiente&#8221;; Cozinhe sempre com as panelas cobertas &#8211;\u00a0&#8220;Para al\u00e9m de demorar mais tempo, cozinhar com as panelas sem tampa \u00e9 um gasto desnecess\u00e1rio de energia. Al\u00e9m do mais, se utilizar a tampa pode ainda desligar o fog\u00e3o antes dos alimentos estarem completamente cozinhados, j\u00e1 que o calor residual tratar\u00e1 de cozinhar o resto&#8221;; Utilize apenas a \u00e1gua necess\u00e1ria para tapar os ingredientes &#8211;\u00a0&#8220;Costuma encher a panela at\u00e9 cima para cozer apenas meia d\u00fazia de vegetais? \u00c9 hora de largar esse h\u00e1bito! Para al\u00e9m dos alimentos demorarem bastante mais tempo a cozinhar, ser\u00e1 preciso tamb\u00e9m muito mais energia para aquecer essa quantidade de \u00e1gua&#8221;; N\u00e3o tem uma panela de press\u00e3o? Est\u00e1 na hora de arranjar uma &#8211;\u00a0&#8220;Ao utilizar uma panela de press\u00e3o, consegue confeccionar as refei\u00e7\u00f5es em metade do tempo, o que significa que poupa n\u00e3o s\u00f3 tempo como tamb\u00e9m energia, j\u00e1 que aproveita ao m\u00e1ximo o calor do fog\u00e3o no menor tempo poss\u00edvel&#8221;; Cada tacho tem o seu lugar no fog\u00e3o &#8211;\u00a0&#8220;Colocar um tacho pequeno num bico de fog\u00e3o grande, n\u00e3o ir\u00e1 fazer com que a comida fique pronta mais rapidamente. Ali\u00e1s, s\u00f3 ir\u00e1 desperdi\u00e7ar energia durante o processo. Por isso, se n\u00e3o tiver muito tempo para cozinhar, experimente cortar os ingredientes em peda\u00e7os mais pequenos, mas lembre-se de manter cada tacho no seu devido lugar&#8221;; Aque\u00e7a a \u00e1gua na chaleira el\u00e9trica &#8211;\u00a0&#8220;Inventada para servir este prop\u00f3sito, a chaleira el\u00e9trica \u00e9 bastante mais econ\u00f3mica que os fog\u00f5es, por isso se tiver uma em casa, n\u00e3o hesite em utiliz\u00e1-la&#8221;; Coloque a m\u00e1quina a lavar no modo eco e com a carga completa &#8211;\u00a0&#8220;Acumular lou\u00e7a \u00e9 sinal de desleixo? Pois bem, neste caso pode ser mesmo sinal de poupan\u00e7a. Isto \u00e9, para rentabilizar a energia utilizada pela m\u00e1quina, deve apenas lig\u00e1-la quando esta estiver completamente cheia e idealmente no modo \u201ceco\u201d que, dependendo do modelo, permite reduzir o seu consumo em at\u00e9 45%&#8221;. \u00a0 Fonte: https:\/\/www.noticiasaominuto.com\/casa Pe\u00e7a ajuda de um profissional, sem compromisso Pe\u00e7a um or\u00e7amento<\/p>\n","protected":false},"author":1,"featured_media":0,"parent":0,"menu_order":0,"comment_status":"closed","ping_status":"closed","template":"elementor_canvas","meta":{"om_disable_all_campaigns":false,"_monsterinsights_skip_tracking":false,"_monsterinsights_sitenote_active":false,"_monsterinsights_sitenote_note":"","_monsterinsights_sitenote_category":0,"_uf_show_specific_survey":0,"_uf_disable_surveys":false,"footnotes":""},"class_list":["post-2682","page","type-page","status-publish","hentry"],"aioseo_notices":[],"_links":{"self":[{"href":"https:\/\/dreamcooking.pt\/index.php?rest_route=\/wp\/v2\/pages\/2682","targetHints":{"allow":["GET"]}}],"collection":[{"href":"https:\/\/dreamcooking.pt\/index.php?rest_route=\/wp\/v2\/pages"}],"about":[{"href":"https:\/\/dreamcooking.pt\/index.php?rest_route=\/wp\/v2\/types\/page"}],"author":[{"embeddable":true,"href":"https:\/\/dreamcooking.pt\/index.php?rest_route=\/wp\/v2\/users\/1"}],"replies":[{"embeddable":true,"href":"https:\/\/dreamcooking.pt\/index.php?rest_route=%2Fwp%2Fv2%2Fcomments&post=2682"}],"version-history":[{"count":5,"href":"https:\/\/dreamcooking.pt\/index.php?rest_route=\/wp\/v2\/pages\/2682\/revisions"}],"predecessor-version":[{"id":2700,"href":"https:\/\/dreamcooking.pt\/index.php?rest_route=\/wp\/v2\/pages\/2682\/revisions\/2700"}],"wp:attachment":[{"href":"https:\/\/dreamcooking.pt\/index.php?rest_route=%2Fwp%2Fv2%2Fmedia&parent=2682"}],"curies":[{"name":"wp","href":"https:\/\/api.w.org\/{rel}","templated":true}]}}